 is the greatest common factor of i and q?
25
Let a be 4 - (2 + 1/(-1)). Let u = -408 + 410. Calculate the highest common divisor of a and u.
1
Let u = 169 - 164. What is the greatest common divisor of 7 and u?
1
Let n be (-30)/(-25)*(-5)/(-2). Suppose -r + 123 = n*w + 2*w, w + 3*r = 33. Let x = 664 - 448. Calculate the greatest common factor of w and x.
24
Let c be 8/14 - (-11 - (-5604)/(-42)). Calculate the greatest common factor of 261 and c.
29
Suppose -36*p - 131 = -599. Calculate the highest common factor of 403 and p.
13
Suppose -3*y + 5*m + 92 = 0, 4*y - m - 41 = 110. Let z be y/(2/(-10) + 24/20). Calculate the highest common factor of 312 and z.
39
Let q(m) = 33*m**2 + m. Let w be q(-1). Suppose 0 = a - 4*j - 20, -w = -a - 0*j + j. What is the greatest common divisor of a and 9?
9
Suppose 0 = 4*c + 4*z - 24, -z = c - 2*z - 10. Suppose -4*b = -3*t - 224, 6*t = 5*b + t - 280. What is the highest common factor of b and c?
8
Let v be (-14)/(-4)*(-1540)/(-245). Let o = -187 - -363. What is the highest common divisor of o and v?
22
Let i be 2/(-10) - 23*(-108)/45. What is the highest common divisor of 2200 and i?
55
Let z be 2*(1 - 1/((-4)/50)). Suppose 9*j + z = 297. Calculate the highest common factor of 10 and j.
10
Let t = 105 - 96. Suppose 0 = 3*z + 9, p = -2*z + 1 - 4. Suppose 4*c - 4*o = 5*c - 21, p*c - 30 = -o. What is the highest common factor of t and c?
9
Suppose -6*v + 195 = 5*m - 11*v, -m + 55 = 3*v. What is the highest common factor of 1118 and m?
43
Suppose -16*w = -1298 - 286. What is the highest common divisor of w and 143?
11
Let v(l) = -l**2 + 7*l. Let b be v(7). Suppose -6 = 2*u, -o = -b*o - u - 14. Suppose -3*s = 1 - 4. Calculate the greatest common divisor of s and o.
1
Suppose 0 = -0*v + v + 4. Let p be (-2)/(-7) + v*(-152)/28. What is the greatest common divisor of 198 and p?
22
Suppose 0 = -33*y + 36*y - 594. Calculate the greatest common divisor of 462 and y.
66
Let q = 7 + -61. Let h be (-822)/q + (-4)/18. Let j(o) = 2*o**2 + 6*o - 5. Let n be j(-5). What is the highest common factor of n and h?
15
Suppose 107 = -21*b + 611. Suppose -f + 3*f = 2*t + 12, -4*t - 30 = -5*f. Let j = f - 3. Calculate the highest common divisor of b and j.
3
Let c = 133 + -63. Let y = 150 - c. What is the highest common divisor of y and 32?
16
Let j be (24/(-18))/((-2)/15). Let i(z) = -z**2 + 13*z - 28. Let m be i(j). What is the highest common factor of 14 and m?
2
Let n be 74/((-14)/42*4/(-10)). Calculate the greatest common factor of n and 30.
15
Let f be ((-8)/48*9)/(6/(-8)). Suppose 2*n - j + 5*j = 20, -2*j - 8 = -f*n. What is the highest common factor of 18 and n?
6
Let y(u) = 2*u**2 - 7*u + 6. Let b be (-8)/10*(-30)/4. Let t be y(b). Suppose 720 = 19*z - 11*z. What is the highest common factor of t and z?
18
Suppose 5*f - 1462 + 362 = 0. Calculate the greatest common factor of 40 and f.
20
Suppose -43*j + 36 = -47*j. Let u be (-24)/j*2079/28. What is the greatest common divisor of 22 and u?
22
Let h be (-2 - -17)*(-10)/(-6). Let q be 375/(-10)*(-10)/3. Calculate the highest common factor of h and q.
25
Let n = -11 + 23. Suppose n*o - 15*o - 90 = 0. Let r = 3 - o. Calculate the highest common factor of r and 22.
11
Suppose 911 + 7539 = 3*k + n, -2814 = -k + n. Calculate the highest common factor of 44 and k.
44
Suppose 925 = 23*n - 4595. Calculate the highest common factor of n and 45.
15
Let k(y) be the first derivative of y**4/4 + 2*y**3/3 + 26*y + 25. Let i be k(0). What is the greatest common divisor of i and 26?
26
Suppose -3*r - 4*o + 1208 = 0, 1178 = 3*r - 222*o + 220*o. Calculate the highest common factor of r and 11.
11
Let w be (-2)/(-10) - 12648/15. Let u = -1753 - w. Let t be u/(-6) + (-3)/(-9). What is the highest common factor of 19 and t?
19
Suppose 5*l - 12 = 3. Suppose -w - 29 = -g - 2*g, 5*g = l*w + 47. Suppose 4*h + 3 = j + 6, 23 = 4*h + 3*j. What is the highest common divisor of h and g?
2
Suppose -4*v = 5*n - 2*n + 199, 5*n + 337 = -4*v. Let b = 72 + n. What is the greatest common divisor of b and 2?
1
Suppose 2*v + b + 4*b = 45, 3*v = -3*b + 54. Suppose 5*f - 15 = 5*s + v, 4*s + 4 = -f. Calculate the highest common factor of 3 and f.
1
Let f be (-21 - 615/(-30))/((-1)/240). What is the greatest common divisor of f and 585?
15
Let u(r) = r**2 + 2*r + 1. Let d be u(-2). What is the greatest common factor of 5 and d?
1
Let r = -92 - -122. Suppose r = -g + 6*g. Calculate the highest common factor of 42 and g.
6
Let n be 0 + (-4 - -6) + 311. Suppose 0 = -6*z - 19 + n. What is the highest common factor of z and 14?
7
Suppose -5*s = 4*f - 32, 2*s + f + 5 = 4*s. What is the greatest common divisor of s and 44?
4
Let s(q) = -2*q - 22. Let g be s(-13). Let f be 4*(1 + -2)*-14. Let a = 96 - f. What is the greatest common factor of a and g?
4
Let g(n) = 2*n**2 - 23*n + 5. Let o be g(11). Let s be 0 + 2/4 - 3/o. Calculate the highest common divisor of 21 and s.
1
Let v be (-1 + -2 - -1) + 23. Let z = 360 - 192. Let u be (z/16)/((-1)/(-2)). Calculate the highest common divisor of u and v.
21
Let s(o) = -4*o**3 + 8*o**2 - 7*o + 9. Let a be s(6). Suppose 2*i + 882 = 78. Let q = i - a. Calculate the highest common factor of 23 and q.
23
Suppose 2*z = 5*s - 221 - 83, 2*z + 180 = 3*s. Calculate the highest common divisor of 155 and s.
31
Let t(n) = 11*n + 76. Let l be t(-4). Calculate the highest common divisor of l and 10.
2
Let u be (-31)/(-155) - (-2877)/15. Calculate the greatest common factor of 3 and u.
3
Let u = 9 - -9. Suppose q + 5 - u = 0. Let f be (-88 + -3)/(-1*1). What is the highest common factor of q and f?
13
Let n = -1513 + 1559. Calculate the greatest common factor of n and 46.
46
Let m(a) = a**3 + 35*a**2 + 94*a - 58. Let o be m(-32). Let v(u) = -10*u - 5. Let z be v(10). Let t = z + 159. What is the highest common divisor of o and t?
6
Let b = -370 + 392. What is the greatest common divisor of b and 33?
11
Let l = 153 + -48. Suppose 0 = -2*r + 4*r + a - 38, 4*r = 2*a + 68. Suppose f - r = k, f - 5*k + 99 = 5*f. What is the greatest common factor of l and f?
21
Let t = 65 + 122. Calculate the highest common factor of 11 and t.
11
Let w = 418 - 400. What is the highest common factor of 486 and w?
18
Suppose 5*t + n - 2199 + 516 = 0, 4*t = -4*n + 1356. Calculate the greatest common divisor of 48 and t.
48
Let r = 1271 + -1248. What is the greatest common divisor of r and 2323?
23
Suppose 5*u + 1 + 16 = 4*k, 2*k - 3*u = 11. Let x be (246/6)/(k*3/(-6)). Calculate the greatest common divisor of x and 451.
41
Suppose -3*z = 2*p - 5*z - 288, 700 = 5*p - z. Let f = -118 + p. What is the greatest common factor of 14 and f?
7
Suppose -22 = -29*b + 18*b. What is the greatest common divisor of b and 380?
2
Let n = 18 + -13. Suppose 4*q = -5*z + 430, -335 = -n*z + 2*q + 125. Let f be ((-16)/(-12))/((-2)/(-15)). What is the highest common factor of f and z?
10
Let u(b) = -b**3 - 10*b**2 - 18*b + 9. Let w be u(-10). Calculate the highest common divisor of w and 14.
7
Let b(k) = -3*k + 11. Let h be b(3). Suppose 0*w + h*w = 22. What is the greatest common factor of w and 99?
11
Let i(h) = -3*h - 3. Let m be i(3). Let s(k) = 8*k + 10 + 6 - 4 + k**2. Let z be s(m). Calculate the highest common factor of z and 12.
12
Suppose 1083 = 171*j - 4270 - 5420. Let v(g) = -g + 4. Let s be v(-5). Calculate the highest common divisor of s and j.
9
Suppose 3*u = -y - 2*y + 180, y - 30 = 5*u. Suppose 0 = 5*g - 4*l - 114, 5*g - 58 - y = 3*l. Calculate the greatest common factor of g and 66.
22
Suppose 2*n - 5*a - 925 = 0, 5*a + 29 = 4. Suppose 4*c - n = -c. Calculate the highest common divisor of c and 18.
18
Let c(d) = -6*d - 24. Let k be c(-12). What is the highest common factor of 24 and k?
24
Suppose 0 = 4*n + u - 69, 2*n - 4*u = 28 + 20. Let w be (6/8)/((-8)/(-32)). Let p be -2 - -6 - (-6)/w. Calculate the highest common divisor of p and n.
6
Let v = 127 + -97. What is the highest common factor of v and 4?
2
Suppose -7 + 277 = 6*z. What is the highest common factor of 30 and z?
15
Suppose 258 + 7792 = 35*b. What is the greatest common factor of b and 414?
46
Let f = -153 + 156. What is the highest common divisor of f and 24?
3
Let u = -55 + 85. Suppose u = -0*f + 5*f + 3*a, -f + 3*a = -24. What is the highest common factor of 15 an